13
Convert 2 (base 9) to base 15.
2
Convert -46 (base 11) to base 15.
-35
Convert -201 (base 5) to base 7.
-102
What is 23 (base 13) in base 12?
25
What is 43 (base 5) in base 4?
113
What is -12 (base 13) in base 3?
-120
What is -5 (base 12) in base 3?
-12
0 (base 8) to base 6
0
What is 153 (base 6) in base 16?
45
What is -100 (base 2) in base 7?
-4
Convert -31 (base 4) to base 10.
-13
-1110 (base 2) to base 14
-10
What is -8 (base 14) in base 5?
-13
Convert 20 (base 5) to base 15.
a
-30 (base 5) to base 8
-17
2 (base 15) to base 8
2
210 (base 7) to base 10
105
Convert -33 (base 4) to base 15.
-10
-26 (base 11) to base 6
-44
-39 (base 14) to base 5
-201
What is -32 (base 15) in base 6?
-115
What is 0 (base 15) in base 6?
0
60 (base 8) to base 11
44
What is 111 (base 2) in base 15?
7
What is 22 (base 6) in base 8?
16
Convert 1 (base 10) to base 8.
1
Convert -3 (base 8) to base 10.
-3
What is 19 (base 13) in base 15?
17
96 (base 15) to base 2
10001101
Convert 19 (base 10) to base 16.
13
What is -18 (base 11) in base 12?
-17
What is 14 (base 9) in base 3?
111
2e (base 16) to base 10
46
-100100 (base 2) to base 7
-51
Convert -343 (base 5) to base 14.
-70
-22 (base 15) to base 4
-200
Convert -1 (base 10) to base 8.
-1
Convert -40 (base 13) to base 3.
-1221
Convert 15 (base 14) to base 8.
23
Convert 113 (base 4) to base 6.
35
What is 0 (base 4) in base 6?
0
12 (base 3) to base 5
10
What is 3 (base 6) in base 2?
11
Convert -262 (base 9) to base 3.
-22002
Convert -1a (base 14) to base 11.
-22
-3 (base 12) to base 11
-3
What is -303 (base 9) in base 7?
-501
What is 7 (base 11) in base 14?
7
122 (base 4) to base 3
222
Convert -3 (base 15) to base 5.
-3
Convert 2 (base 12) to base 5.
2
What is -1010 (base 4) in base 7?
-125
What is 4 (base 5) in base 2?
100
Convert -193 (base 12) to base 2.
-11111111
Convert -22 (base 3) to base 6.
-12
Convert -11 (base 2) to base 14.
-3
-43 (base 9) to base 15
-29
Convert 2 (base 11) to base 12.
2
What is -10000 (base 2) in base 5?
-31
1 (base 3) to base 14
1
What is -3 (base 11) in base 3?
-10
-25 (base 7) to base 16
-13
Convert 4 (base 13) to base 7.
4
What is 35 (base 15) in base 7?
101
Convert 4 (base 6) to base 8.
4
11 (base 2) to base 15
3
Convert -2 (base 11) to base 12.
-2
1011000 (base 2) to base 5
323
What is -11132 (base 4) in base 16?
-15e
Convert 5 (base 12) to base 16.
5
What is 155 (base 8) in base 5?
414
What is 0 (base 10) in base 5?
0
Convert 48 (base 10) to base 14.
36
Convert 1a (base 12) to base 13.
19
Convert 10 (base 5) to base 2.
101
Convert -21 (base 5) to base 3.
-102
What is 40 (base 11) in base 2?
101100
-1 (base 5) to base 7
-1
Convert -18 (base 16) to base 14.
-1a
-43 (base 7) to base 6
-51
What is -440 (base 5) in base 11?
-aa
Convert -147 (base 8) to base 5.
-403
Convert 0 (base 8) to base 2.
0
Convert 21 (base 3) to base 16.
7
1 (base 15) to base 9
1
-36 (base 12) to base 7
-60
Convert 4 (base 11) to base 6.
4
What is 5 (base 15) in base 7?
5
What is 1010 (base 2) in base 5?
20
Convert -21 (base 8) to base 4.
-101
d (base 14) to base 16
d
What is -306 (base 9) in base 5?
-1444
What is -185 (base 9) in base 5?
-1113
What is -11 (base 3) in base 8?
-4
What is -3 (base 11) in base 14?
-3
8 (base 16) to base 9
8
What is -121 (base 3) in base 11?
-15
What is -3 (base 16) in base 9?
-3
-9b (base 16) to base 10
-155
What is 1a1 (base 12) in base 7?
526
-32 (base 9) to base 6
-45
Convert -12 (base 10) to base 9.
-13
Convert 0 (base 5) to base 13.
0
Convert 0 (base 5) to base 7.
0
Convert -4 (base 9) to base 8.
-4
Convert -56 (base 12) to base 6.
-150
What is -23 (base 6) in base 16?
-f
-40 (base 8) to base 2
-100000
-11 (base 8) to base 4
-21
-3 (base 13) to base 5
-3
What is -1111 (base 2) in base 3?
-120
What is 71 (base 9) in base 4?
1000
-3 (base 7) to base 10
-3
-25 (base 6) to base 14
-13
What is 240 (base 6) in base 3?
10120
-3 (base 14) to base 15
-3
What is 14 (base 11) in base 13?
12
Convert -1 (base 13) to base 5.
-1
What is 100 (base 2) in base 9?
4
What is -10 (base 6) in base 7?
-6
Convert -18 (base 10) to base 16.
-12
110 (base 5) to base 6
50
3 (base 16) to base 10
3
Convert -12 (base 15) to base 8.
-21
6 (base 16) to base 4
12
-b (base 12) to base 10
-11
-43 (base 10) to base 8
-53
Convert 101000 (base 2) to base 11.
37
5 (base 11) to base 5
10
Convert -36 (base 15) to base 14.
-39
e (base 15) to base 4
32
-1034 (base 5) to base 15
-99
What is 12 (base 10) in base 3?
110
What is 3 (base 14) in base 16?
3
-18 (base 12) to base 14
-16
Convert -21 (base 3) to base 6.
-11
What is 3 (base 11) in base 2?
11
36 (base 10) to base 4
210
What is 31 (base 16) in base 9?
54
-75 (base 14) to base 4
-1213
-21 (base 5) to base 7
-14
Convert -154 (base 10) to base 15.
-a4
What is 6 (base 14) in base 13?
6
2 (base 7) to base 2
10
Convert 2 (base 13) to base 3.
2
Convert -1242 (base 6) to base 5.
-2224
What is 1 (base 3) in base 15?
1
Convert -2 (base 5) to base 4.
-2
What is -422 (base 8) in base 3?
-101011
Convert -b2 (base 14) to base 16.
-9c
Convert 71 (base 8) to base 16.
39
Convert -7 (base 10) to base 16.
-7
Convert 24 (base 12) to base 8.
34
-2 (base 16) to base 4
-2
What is -67 (base 12) in base 15?
-54
-2 (base 7) to base 8
-2
What is -70 (base 8) in base 14?
-40
Convert 6a (base 16) to base 15.
71
What is -21 (base 4) in base 7?
-12
What is -111 (base 5) in base 12?
-27
1c (base 14) to base 4
122
-20 (base 3) to base 2
-110
-111 (base 5) to base 15
-21
3 (base 11) to base 14
3
10 (base 6) to base 14
6
2 (base 6) to base 15
2
1000 (base 2) to base 11
8
What is -5 (base 14) in base 16?
-5
What is 14 (base 14) in base 13?
15
What is -12 (base 4) in base 10?
-6
Convert 2 (base 16) to base 4.
2
Convert 30 (base 6) to base 13.
15
What is -12 (base 4) in base 12?
-6
-3 (base 11) to base 10
-3
1 (base 14) to base 7
1
Convert -147 (base 13) to base 16.
-e4
Convert 102 (base 3) to base 4.
23
What is 321 (base 6) in base 9?
144
Convert 126 (base 13) to base 6.
533
What is 7 (base 13) in base 3?
21
Convert -135 (base 14) to base 15.
-113
313 (base 4) to base 9
61
-54 (base 6) to base 2
-100010
-2 (base 13) to base 6
-2
Convert 147 (base 13) to base 6.
1020
1 (base 13) to base 7
1
Convert -2 (base 11) to base 15.
-2
Convert -1 (base 4) to base 15.
-1
0 (base 2) to base 12
0
What is -20 (base 10) in base 16?
-14
What is 3 (base 7) in base 12?
3
What is -1c (base 13) in base 2?
-11001
-38 (base 13) to base 16
-2f
What is 0 (base 2) in base 7?
0
What is -e (base 15) in base 9?
-15
What is 111 (base 4) in base 9?
23
Convert 2 (base 4) to base 3.
2
Convert -5 (base 16) to base 13.
-5
Convert 89 (base 15) to base 8.
201
-10 (base 2) to base 13
-2
95 (base 11) to base 14
76
Convert -31 (base 8) to base 7.
-34
-2 (base 3) to base 16
-2
-11 (base 8) to base 11
-9
What is -6 (base 8) in base 15?
-6
What is -97 (base 14) in base 15?
-8d
-3a (base 11) to base 3
-1121
-53 (base 8) to base 4
-223
214 (base 10) to base 6
554
Convert -b (base 14) to base 16.
-b
Convert -32 (base 5) to base 7.
-23
Convert 331 (base 6) to base 12.
a7
-185 (base 9) to base 6
-422
What is -4 (base 11) in base 7?
-4
Convert -3c (base 14) to base 5.
-204
24 (base 15) to base 12
2a
2 (base 7) to base 14
2
What is -1010110 (base 2) in base 5?
-321
Convert -5 (base 12) to base 15.
-5
What is -233 (base 12) in base 5?
-2302
Convert -7 (base 8) to base 4.
-13
What is 11 (base 2) in base 11?
3
-12221 (base 3) to base 11
-136
Convert 1 (base 16) to base 14.
1
Convert -1a (base 12) to base 15.
-17
Convert -5 (base 14) to base 16.
-5
Convert 3 (base 15) to base 6.
3
What is 112 (base 10) in base 8?
160
Convert 14 (base 6) to base 5.
20
123 (base 11) to base 8
222
What is -3 (base 16) in base 11?
-3
What is -1123 (base 4) in base 6?
-231
323 (base 10) to base 12
22b
Convert a (base 11) to base 4.
22
-13 (base 11) to base 8
-16
59 (base 10) to base 7
113
Convert -3 (base 4) to base 9.
-3
-3 (base 7) to base 15
-3
What is 5 (base 8) in base 12?
5
-111 (base 3) to base 9
-14
Convert -31 (base 15) to base 16.
-2e
Convert -11 (base 4) to base 6.
-5
What is 4 (base 16) in base 14?
4
5 (base 16) to base 10
5
What is 16 (base 11) in base 12?
15
What is 110 (base 2) in base 12?
6
What is -5 (base 11) in base 7?
-5
What is 134 (base 5) in base 2?
1011